1b (base 12) to base 14.
-19
What is -11110 (base 2) in base 5?
-110
Convert 6 (base 12) to base 6.
10
What is 2 (base 11) in base 12?
2
Convert -1 (base 10) to base 2.
-1
Convert -12 (base 16) to base 15.
-13
Convert -1011 (base 4) to base 8.
-105
1 (base 8) to base 13
1
133 (base 8) to base 5
331
Convert 1102 (base 3) to base 7.
53
1 (base 8) to base 10
1
3 (base 7) to base 9
3
-122 (base 3) to base 11
-16
What is 36 (base 11) in base 8?
47
Convert -5 (base 12) to base 8.
-5
-10 (base 6) to base 3
-20
-17 (base 12) to base 2
-10011
What is 43 (base 10) in base 6?
111
Convert -2 (base 10) to base 9.
-2
What is -53 (base 9) in base 5?
-143
What is 202 (base 3) in base 2?
10100
Convert 19 (base 15) to base 13.
1b
58 (base 9) to base 4
311
Convert -30 (base 5) to base 7.
-21
Convert 300 (base 4) to base 8.
60
Convert -8 (base 9) to base 16.
-8
-4 (base 13) to base 12
-4
1 (base 2) to base 7
1
Convert 24 (base 12) to base 10.
28
7 (base 11) to base 10
7
What is -a (base 13) in base 3?
-101
What is -110001000 (base 2) in base 14?
-200
Convert 1 (base 11) to base 7.
1
What is 0 (base 12) in base 16?
0
-93 (base 11) to base 12
-86
0 (base 2) to base 10
0
What is 21 (base 4) in base 8?
11
-3 (base 14) to base 9
-3
Convert 49 (base 15) to base 10.
69
Convert 111 (base 2) to base 8.
7
Convert 24 (base 9) to base 8.
26
Convert 430 (base 6) to base 11.
138
Convert 13 (base 9) to base 5.
22
What is -232 (base 6) in base 14?
-68
-2 (base 14) to base 13
-2
63 (base 10) to base 4
333
-3 (base 4) to base 11
-3
Convert 4 (base 8) to base 7.
4
0 (base 10) to base 2
0
Convert 26 (base 14) to base 3.
1021
Convert 261 (base 9) to base 8.
331
What is -11 (base 2) in base 3?
-10
5a (base 11) to base 6
145
-29 (base 16) to base 3
-1112
What is 202 (base 11) in base 4?
3310
What is 112 (base 13) in base 14?
d2
What is -18 (base 13) in base 14?
-17
What is 3202 (base 4) in base 3?
22101
-7 (base 14) to base 9
-7
-10 (base 7) to base 10
-7
Convert -1430 (base 5) to base 9.
-286
-135 (base 8) to base 5
-333
201 (base 3) to base 12
17
-202 (base 5) to base 3
-1221
What is -133 (base 4) in base 2?
-11111
What is -6 (base 12) in base 7?
-6
111 (base 5) to base 10
31
-7 (base 8) to base 15
-7
-35 (base 8) to base 3
-1002
9 (base 15) to base 10
9
What is -15 (base 12) in base 7?
-23
-23 (base 7) to base 14
-13
Convert 13 (base 16) to base 15.
14
-1 (base 16) to base 7
-1
-1 (base 5) to base 15
-1
Convert 83 (base 10) to base 16.
53
What is 11 (base 6) in base 2?
111
Convert 113 (base 10) to base 14.
81
Convert -51 (base 6) to base 15.
-21
0 (base 14) to base 2
0
Convert 7 (base 12) to base 6.
11
0 (base 11) to base 3
0
Convert 5 (base 15) to base 11.
5
Convert 0 (base 16) to base 15.
0
-12 (base 3) to base 16
-5
What is 33 (base 4) in base 5?
30
Convert -35 (base 15) to base 2.
-110010
What is -12 (base 8) in base 7?
-13
Convert -11 (base 11) to base 7.
-15
What is -24 (base 16) in base 15?
-26
-1 (base 10) to base 14
-1
What is 12000 (base 3) in base 8?
207
What is -80 (base 16) in base 2?
-10000000
Convert -3 (base 6) to base 12.
-3
1 (base 14) to base 16
1
Convert 11 (base 12) to base 16.
d
-3 (base 13) to base 5
-3
-22 (base 6) to base 7
-20
Convert 4a (base 12) to base 7.
112
-22 (base 9) to base 5
-40
What is -2 (base 9) in base 14?
-2
What is -2 (base 10) in base 9?
-2
What is 2 (base 14) in base 4?
2
Convert -24 (base 11) to base 4.
-122
Convert -2 (base 5) to base 16.
-2
What is -3 (base 14) in base 10?
-3
Convert 2 (base 14) to base 7.
2
What is 1220 (base 5) in base 3?
20212
What is -9 (base 13) in base 2?
-1001
What is -b (base 16) in base 9?
-12
What is -7 (base 14) in base 3?
-21
-2 (base 13) to base 10
-2
65 (base 8) to base 12
45
What is 30 (base 15) in base 11?
41
Convert e (base 15) to base 4.
32
What is 12 (base 10) in base 4?
30
Convert 3a (base 15) to base 8.
67
3 (base 10) to base 3
10
What is -2 (base 16) in base 14?
-2
What is -11 (base 3) in base 16?
-4
Convert 14 (base 6) to base 14.
a
Convert 11 (base 15) to base 16.
10
What is 2 (base 16) in base 6?
2
What is 1 (base 7) in base 12?
1
What is -10 (base 12) in base 14?
-c
Convert -200 (base 3) to base 6.
-30
Convert -4 (base 12) to base 5.
-4
Convert 39 (base 14) to base 4.
303
Convert 147 (base 16) to base 7.
645
What is 1323 (base 6) in base 9?
416
1 (base 9) to base 3
1
What is 15 (base 14) in base 12?
17
0 (base 14) to base 6
0
Convert -1 (base 13) to base 8.
-1
Convert -47 (base 12) to base 16.
-37
Convert 18 (base 14) to base 7.
31
Convert -42 (base 6) to base 14.
-1c
What is -2 (base 12) in base 5?
-2
-6 (base 13) to base 14
-6
What is 3 (base 16) in base 7?
3
Convert 17 (base 9) to base 8.
20
Convert -100 (base 5) to base 10.
-25
Convert 5 (base 13) to base 15.
5
What is -62 (base 16) in base 10?
-98
-a3 (base 13) to base 11
-111
2 (base 10) to base 11
2
-da (base 16) to base 3
-22002
Convert 1a (base 13) to base 11.
21
23 (base 5) to base 13
10
92 (base 12) to base 8
156
3 (base 4) to base 6
3
104 (base 6) to base 12
34
-16 (base 10) to base 15
-11
What is 14 (base 9) in base 3?
111
What is 15 (base 7) in base 16?
c
What is -14 (base 8) in base 12?
-10
Convert 10113 (base 4) to base 8.
427
Convert 13 (base 7) to base 5.
20
1 (base 14) to base 6
1
What is 12 (base 5) in base 4?
13
What is -4 (base 5) in base 6?
-4
What is -111 (base 3) in base 8?
-15
1 (base 15) to base 7
1
What is -147 (base 12) in base 11?
-171
Convert -d (base 14) to base 7.
-16
What is 243 (base 5) in base 10?
73
What is 7 (base 8) in base 9?
7
What is 25 (base 10) in base 7?
34
Convert -14 (base 6) to base 13.
-a
Convert -105 (base 14) to base 13.
-126
52 (base 6) to base 2
100000
441 (base 5) to base 11
100
Convert 100 (base 3) to base 14.
9
-6 (base 15) to base 3
-20
What is 98 (base 13) in base 8?
175
Convert -2 (base 9) to base 12.
-2
Convert 10133 (base 4) to base 12.
1bb
-6 (base 12) to base 15
-6
-25 (base 16) to base 7
-52
Convert 0 (base 11) to base 10.
0
What is 34 (base 13) in base 14?
31
What is -1023 (base 4) in base 8?
-113
Convert -da (base 15) to base 10.
-205
Convert -6 (base 16) to base 7.
-6
-2 (base 4) to base 5
-2
23 (base 7) to base 12
15
What is -3 (base 13) in base 16?
-3
Convert -23 (base 9) to base 2.
-10101
-1 (base 8) to base 3
-1
-3 (base 16) to base 14
-3
Convert 10 (base 9) to base 15.
9
Convert 0 (base 4) to base 13.
0
What is -1 (base 16) in base 9?
-1
Convert 0 (base 7) to base 13.
0
Convert 10 (base 6) to base 16.
6
7 (base 13) to base 16
7
Convert 2 (base 8) to base 13.
2
21 (base 4) to base 9
10
Convert 229 (base 12) to base 10.
321
-12 (base 8) to base 16
-a
-5 (base 15) to base 8
-5
-12 (base 6) to base 13
-8
What is 8 (base 12) in base 4?
20
4 (base 6) to base 10
4
Convert -b (base 14) to base 4.
-23
Convert 6 (base 11) to base 15.
6
What is 29 (base 15) in base 12?
33
What is -1002 (base 4) in base 11?
-60
What is 10 (base 2) in base 16?
2
-12 (base 3) to base 14
-5
Convert -2 (base 3) to base 14.
-2
What is 101 (base 2) in base 11?
5
Convert -1 (base 13) to base 15.
-1
Convert 76 (base 16) to base 13.
91
8 (base 13) to base 5
13
Convert -1120 (base 3) to base 4.
-222
30 (base 9) to base 12
23
-21 (base 3) to base 15
-7
Convert -4 (base 14) to base 11.
-4
Convert -6 (base 10) to base 4.
-12
3 (base 6) to base 15
3
Convert 20210 (base 3) to base 13.
111
7 (base 8) to base 14
7
Convert 123 (base 4) to base 10.
27
What is -1 (base 9) in base 3?
-1
-1 (base 8) to base 15
-1
Convert 2f (base 16) to base 5.
142
Convert 11 (base 2) to base 6.
3
What is 0 (base 12) in base 14?
0
-21 (base 5) to base 14
-b
13 (base 6) to base 13
9
-4 (base 5) to base 6
-4
What is 7 (base 15) in base 2?
111
Convert 203 (base 4) to base 6.
55
214 (base 6) to base 11
75
Convert -4 (base 8) to base 6.
-4
What is -88 (base 9) in base 4?
-1100
Convert -16 (base 10) to base 14.
-12
What is 7 (base 15) in base 12?
7
What is 0 (base 15) in base 7?
0
What is -1 (base 13) in base 6?
-1
Convert 46 (base 9) to base 13.
33
What is 116 (base 10) in base 5?
431
Convert -20 (base 5) to base 8.
-12
What is 2 (base 16) in base 13?
2
What is -11 (base 13) in base 5?
-24
Convert -2 (base 10) to base 13.
-2
What is -1 (base 9) in base 12?
-1
Convert -3 (base 6) to base 13.
-3
-7 (base 13) to base 5
-12
What is 13 (base 5) 